{"id":208,"date":"2025-02-22T12:44:47","date_gmt":"2025-02-22T11:44:47","guid":{"rendered":"https:\/\/colomiersjudo.fr\/Boutique\/?post_type=product&#038;p=208"},"modified":"2025-11-30T15:27:24","modified_gmt":"2025-11-30T14:27:24","slug":"t-shirt-avec-dossard","status":"publish","type":"product","link":"https:\/\/colomiersjudo.fr\/Boutique\/product\/t-shirt-avec-dossard\/","title":{"rendered":"T-shirt avec Dossard"},"content":{"rendered":"<div>\n<h2 class=\"page-title\"><span class=\"base\" data-ui-id=\"page-title-wrapper\">T-shirt <\/span><span class=\"base\" data-ui-id=\"page-title-wrapper\">unisexe <\/span><span class=\"base\" data-ui-id=\"page-title-wrapper\">col rond manches courtes\u00a0<\/span><\/h2>\n<\/div>\n<div class=\"product-description-text\">\n<ul>\n<li id=\"K356_toptex_arguments_vente_1\">Lavage enzymes et coton peign\u00e9 : maintien d\u2019une surface lisse apr\u00e8s plusieurs lavages.<\/li>\n<li id=\"K356_toptex_arguments_vente_2\">Toucher doux et excellente imprimabilit\u00e9.<\/li>\n<\/ul>\n<\/div>\n<p>Coloris unis : 100% coton. Coton peign\u00e9 avec lavage aux enzymes. Toucher doux, bonne r\u00e9sistance au lavage. Coupe ajust\u00e9e mode. Bande de propret\u00e9 \u00e0 l\u2019encolure (White pour le coloris White). Finition double aiguille bas de manche et bas de v\u00eatement.<\/p>\n","protected":false},"excerpt":{"rendered":"<p><strong>Flocage avant du logo Colomiers Judo et dossard floqu\u00e9 \u00e0 l&rsquo;arri\u00e8re<\/strong><\/p>\n<hr \/>\n<ul>\n<li><strong>Taille : <\/strong>S (Qt\u00e9: 2) &#8211; M\u00a0 (Qt\u00e9: 4)- L (Qt\u00e9: 7) &#8211; XL (Qt\u00e9: 6) &#8211; XXL (Qt\u00e9: 0)<\/li>\n<li><strong>Tarif : <\/strong>20,00\u20ac<\/li>\n<li id=\"K4041_toptex_arguments_vente_1\"><strong>Composition :<\/strong> 100% coton.<\/li>\n<li><strong>Epaisseur :<\/strong> 170 g<\/li>\n<li id=\"K4041_toptex_arguments_vente_2\">L\u00e9ger et respirant<\/li>\n<li>Manches courtes \u00e0 col rond<\/li>\n<\/ul>\n","protected":false},"featured_media":209,"comment_status":"open","ping_status":"closed","template":"","meta":[],"product_brand":[],"product_cat":[15],"product_tag":[],"class_list":{"0":"post-208","1":"product","2":"type-product","3":"status-publish","4":"has-post-thumbnail","6":"product_cat-vetements","8":"first","9":"instock","10":"shipping-taxable","11":"product-type-external","12":"customify-col","13":"product-has-gallery"},"yoast_head":"<!-- This site is optimized with the Yoast SEO plugin v26.8 - https:\/\/yoast.com\/product\/yoast-seo-wordpress\/ -->\n<title>T-shirt avec Dossard - Boutique Officielle de l&#039;US Colomiers Judo<\/title>\n<meta name=\"description\" content=\"T-shirt unisexe col rond manches courtes\u00a0Lavage enzymes et coton peign\u00e9 : maintien d\u2019une surface lisse apr\u00e8s plusieurs lavages. Toucher doux et excellente imprimabilit\u00e9. Grand choix de couleurs.\" \/>\n<meta name=\"robots\" content=\"index, follow, max-snippet:-1, max-image-preview:large, max-video-preview:-1\" \/>\n<link rel=\"canonical\" href=\"https:\/\/colomiersjudo.fr\/Boutique\/product\/t-shirt-avec-dossard\/\" \/>\n<meta property=\"og:locale\" content=\"fr_FR\" \/>\n<meta property=\"og:type\" content=\"article\" \/>\n<meta property=\"og:title\" content=\"T-shirt avec Dossard - Boutique Officielle de l&#039;US Colomiers Judo\" \/>\n<meta property=\"og:description\" content=\"T-shirt unisexe col rond manches courtes\u00a0Lavage enzymes et coton peign\u00e9 : maintien d\u2019une surface lisse apr\u00e8s plusieurs lavages. Toucher doux et excellente imprimabilit\u00e9. Grand choix de couleurs.\" \/>\n<meta property=\"og:url\" content=\"https:\/\/colomiersjudo.fr\/Boutique\/product\/t-shirt-avec-dossard\/\" \/>\n<meta property=\"og:site_name\" content=\"Boutique Officielle de l&#039;US Colomiers Judo\" \/>\n<meta property=\"article:modified_time\" content=\"2025-11-30T14:27:24+00:00\" \/>\n<meta property=\"og:image\" content=\"https:\/\/colomiersjudo.fr\/Boutique\/wp-content\/uploads\/2025\/02\/T-shirt-Homme-Blanc-Floque-K356-IMG001.jpg\" \/>\n\t<meta property=\"og:image:width\" content=\"1200\" \/>\n\t<meta property=\"og:image:height\" content=\"1200\" \/>\n\t<meta property=\"og:image:type\" content=\"image\/jpeg\" \/>\n<meta name=\"twitter:card\" content=\"summary_large_image\" \/>\n<meta name=\"twitter:label1\" content=\"Dur\u00e9e de lecture estim\u00e9e\" \/>\n\t<meta name=\"twitter:data1\" content=\"1 minute\" \/>\n<script type=\"application\/ld+json\" class=\"yoast-schema-graph\">{\"@context\":\"https:\/\/schema.org\",\"@graph\":[{\"@type\":\"WebPage\",\"@id\":\"https:\/\/colomiersjudo.fr\/Boutique\/product\/t-shirt-avec-dossard\/\",\"url\":\"https:\/\/colomiersjudo.fr\/Boutique\/product\/t-shirt-avec-dossard\/\",\"name\":\"T-shirt avec Dossard - Boutique Officielle de l&#039;US Colomiers Judo\",\"isPartOf\":{\"@id\":\"https:\/\/colomiersjudo.fr\/Boutique\/#website\"},\"primaryImageOfPage\":{\"@id\":\"https:\/\/colomiersjudo.fr\/Boutique\/product\/t-shirt-avec-dossard\/#primaryimage\"},\"image\":{\"@id\":\"https:\/\/colomiersjudo.fr\/Boutique\/product\/t-shirt-avec-dossard\/#primaryimage\"},\"thumbnailUrl\":\"https:\/\/colomiersjudo.fr\/Boutique\/wp-content\/uploads\/2025\/02\/T-shirt-Homme-Blanc-Floque-K356-IMG001.jpg\",\"datePublished\":\"2025-02-22T11:44:47+00:00\",\"dateModified\":\"2025-11-30T14:27:24+00:00\",\"description\":\"T-shirt unisexe col rond manches courtes\u00a0Lavage enzymes et coton peign\u00e9 : maintien d\u2019une surface lisse apr\u00e8s plusieurs lavages. Toucher doux et excellente imprimabilit\u00e9. Grand choix de couleurs.\",\"breadcrumb\":{\"@id\":\"https:\/\/colomiersjudo.fr\/Boutique\/product\/t-shirt-avec-dossard\/#breadcrumb\"},\"inLanguage\":\"fr-FR\",\"potentialAction\":[{\"@type\":\"ReadAction\",\"target\":[\"https:\/\/colomiersjudo.fr\/Boutique\/product\/t-shirt-avec-dossard\/\"]}]},{\"@type\":\"ImageObject\",\"inLanguage\":\"fr-FR\",\"@id\":\"https:\/\/colomiersjudo.fr\/Boutique\/product\/t-shirt-avec-dossard\/#primaryimage\",\"url\":\"https:\/\/colomiersjudo.fr\/Boutique\/wp-content\/uploads\/2025\/02\/T-shirt-Homme-Blanc-Floque-K356-IMG001.jpg\",\"contentUrl\":\"https:\/\/colomiersjudo.fr\/Boutique\/wp-content\/uploads\/2025\/02\/T-shirt-Homme-Blanc-Floque-K356-IMG001.jpg\",\"width\":1200,\"height\":1200},{\"@type\":\"BreadcrumbList\",\"@id\":\"https:\/\/colomiersjudo.fr\/Boutique\/product\/t-shirt-avec-dossard\/#breadcrumb\",\"itemListElement\":[{\"@type\":\"ListItem\",\"position\":1,\"name\":\"Home\",\"item\":\"https:\/\/colomiersjudo.fr\/Boutique\/\"},{\"@type\":\"ListItem\",\"position\":2,\"name\":\"Boutique\",\"item\":\"https:\/\/colomiersjudo.fr\/Boutique\/\"},{\"@type\":\"ListItem\",\"position\":3,\"name\":\"T-shirt avec Dossard\"}]},{\"@type\":\"WebSite\",\"@id\":\"https:\/\/colomiersjudo.fr\/Boutique\/#website\",\"url\":\"https:\/\/colomiersjudo.fr\/Boutique\/\",\"name\":\"Boutique Officielle de l&#039;US Colomiers Judo\",\"description\":\"Vente de kimonos, v\u00eatements et accessoires \u00e0 l&#039;image du club de l&#039;US Colomiers Judo\",\"publisher\":{\"@id\":\"https:\/\/colomiersjudo.fr\/Boutique\/#organization\"},\"potentialAction\":[{\"@type\":\"SearchAction\",\"target\":{\"@type\":\"EntryPoint\",\"urlTemplate\":\"https:\/\/colomiersjudo.fr\/Boutique\/?s={search_term_string}\"},\"query-input\":{\"@type\":\"PropertyValueSpecification\",\"valueRequired\":true,\"valueName\":\"search_term_string\"}}],\"inLanguage\":\"fr-FR\"},{\"@type\":\"Organization\",\"@id\":\"https:\/\/colomiersjudo.fr\/Boutique\/#organization\",\"name\":\"Boutique Officielle de l&#039;US Colomiers Judo\",\"url\":\"https:\/\/colomiersjudo.fr\/Boutique\/\",\"logo\":{\"@type\":\"ImageObject\",\"inLanguage\":\"fr-FR\",\"@id\":\"https:\/\/colomiersjudo.fr\/Boutique\/#\/schema\/logo\/image\/\",\"url\":\"https:\/\/colomiersjudo.fr\/Boutique\/wp-content\/uploads\/2025\/02\/cropped-logo-judo-colomiers-2.jpg\",\"contentUrl\":\"https:\/\/colomiersjudo.fr\/Boutique\/wp-content\/uploads\/2025\/02\/cropped-logo-judo-colomiers-2.jpg\",\"width\":507,\"height\":507,\"caption\":\"Boutique Officielle de l&#039;US Colomiers Judo\"},\"image\":{\"@id\":\"https:\/\/colomiersjudo.fr\/Boutique\/#\/schema\/logo\/image\/\"}}]}<\/script>\n<!-- \/ Yoast SEO plugin. -->","yoast_head_json":{"title":"T-shirt avec Dossard - Boutique Officielle de l&#039;US Colomiers Judo","description":"T-shirt unisexe col rond manches courtes\u00a0Lavage enzymes et coton peign\u00e9 : maintien d\u2019une surface lisse apr\u00e8s plusieurs lavages. Toucher doux et excellente imprimabilit\u00e9. Grand choix de couleurs.","robots":{"index":"index","follow":"follow","max-snippet":"max-snippet:-1","max-image-preview":"max-image-preview:large","max-video-preview":"max-video-preview:-1"},"canonical":"https:\/\/colomiersjudo.fr\/Boutique\/product\/t-shirt-avec-dossard\/","og_locale":"fr_FR","og_type":"article","og_title":"T-shirt avec Dossard - Boutique Officielle de l&#039;US Colomiers Judo","og_description":"T-shirt unisexe col rond manches courtes\u00a0Lavage enzymes et coton peign\u00e9 : maintien d\u2019une surface lisse apr\u00e8s plusieurs lavages. Toucher doux et excellente imprimabilit\u00e9. Grand choix de couleurs.","og_url":"https:\/\/colomiersjudo.fr\/Boutique\/product\/t-shirt-avec-dossard\/","og_site_name":"Boutique Officielle de l&#039;US Colomiers Judo","article_modified_time":"2025-11-30T14:27:24+00:00","og_image":[{"width":1200,"height":1200,"url":"https:\/\/colomiersjudo.fr\/Boutique\/wp-content\/uploads\/2025\/02\/T-shirt-Homme-Blanc-Floque-K356-IMG001.jpg","type":"image\/jpeg"}],"twitter_card":"summary_large_image","twitter_misc":{"Dur\u00e9e de lecture estim\u00e9e":"1 minute"},"schema":{"@context":"https:\/\/schema.org","@graph":[{"@type":"WebPage","@id":"https:\/\/colomiersjudo.fr\/Boutique\/product\/t-shirt-avec-dossard\/","url":"https:\/\/colomiersjudo.fr\/Boutique\/product\/t-shirt-avec-dossard\/","name":"T-shirt avec Dossard - Boutique Officielle de l&#039;US Colomiers Judo","isPartOf":{"@id":"https:\/\/colomiersjudo.fr\/Boutique\/#website"},"primaryImageOfPage":{"@id":"https:\/\/colomiersjudo.fr\/Boutique\/product\/t-shirt-avec-dossard\/#primaryimage"},"image":{"@id":"https:\/\/colomiersjudo.fr\/Boutique\/product\/t-shirt-avec-dossard\/#primaryimage"},"thumbnailUrl":"https:\/\/colomiersjudo.fr\/Boutique\/wp-content\/uploads\/2025\/02\/T-shirt-Homme-Blanc-Floque-K356-IMG001.jpg","datePublished":"2025-02-22T11:44:47+00:00","dateModified":"2025-11-30T14:27:24+00:00","description":"T-shirt unisexe col rond manches courtes\u00a0Lavage enzymes et coton peign\u00e9 : maintien d\u2019une surface lisse apr\u00e8s plusieurs lavages. Toucher doux et excellente imprimabilit\u00e9. Grand choix de couleurs.","breadcrumb":{"@id":"https:\/\/colomiersjudo.fr\/Boutique\/product\/t-shirt-avec-dossard\/#breadcrumb"},"inLanguage":"fr-FR","potentialAction":[{"@type":"ReadAction","target":["https:\/\/colomiersjudo.fr\/Boutique\/product\/t-shirt-avec-dossard\/"]}]},{"@type":"ImageObject","inLanguage":"fr-FR","@id":"https:\/\/colomiersjudo.fr\/Boutique\/product\/t-shirt-avec-dossard\/#primaryimage","url":"https:\/\/colomiersjudo.fr\/Boutique\/wp-content\/uploads\/2025\/02\/T-shirt-Homme-Blanc-Floque-K356-IMG001.jpg","contentUrl":"https:\/\/colomiersjudo.fr\/Boutique\/wp-content\/uploads\/2025\/02\/T-shirt-Homme-Blanc-Floque-K356-IMG001.jpg","width":1200,"height":1200},{"@type":"BreadcrumbList","@id":"https:\/\/colomiersjudo.fr\/Boutique\/product\/t-shirt-avec-dossard\/#breadcrumb","itemListElement":[{"@type":"ListItem","position":1,"name":"Home","item":"https:\/\/colomiersjudo.fr\/Boutique\/"},{"@type":"ListItem","position":2,"name":"Boutique","item":"https:\/\/colomiersjudo.fr\/Boutique\/"},{"@type":"ListItem","position":3,"name":"T-shirt avec Dossard"}]},{"@type":"WebSite","@id":"https:\/\/colomiersjudo.fr\/Boutique\/#website","url":"https:\/\/colomiersjudo.fr\/Boutique\/","name":"Boutique Officielle de l&#039;US Colomiers Judo","description":"Vente de kimonos, v\u00eatements et accessoires \u00e0 l&#039;image du club de l&#039;US Colomiers Judo","publisher":{"@id":"https:\/\/colomiersjudo.fr\/Boutique\/#organization"},"potentialAction":[{"@type":"SearchAction","target":{"@type":"EntryPoint","urlTemplate":"https:\/\/colomiersjudo.fr\/Boutique\/?s={search_term_string}"},"query-input":{"@type":"PropertyValueSpecification","valueRequired":true,"valueName":"search_term_string"}}],"inLanguage":"fr-FR"},{"@type":"Organization","@id":"https:\/\/colomiersjudo.fr\/Boutique\/#organization","name":"Boutique Officielle de l&#039;US Colomiers Judo","url":"https:\/\/colomiersjudo.fr\/Boutique\/","logo":{"@type":"ImageObject","inLanguage":"fr-FR","@id":"https:\/\/colomiersjudo.fr\/Boutique\/#\/schema\/logo\/image\/","url":"https:\/\/colomiersjudo.fr\/Boutique\/wp-content\/uploads\/2025\/02\/cropped-logo-judo-colomiers-2.jpg","contentUrl":"https:\/\/colomiersjudo.fr\/Boutique\/wp-content\/uploads\/2025\/02\/cropped-logo-judo-colomiers-2.jpg","width":507,"height":507,"caption":"Boutique Officielle de l&#039;US Colomiers Judo"},"image":{"@id":"https:\/\/colomiersjudo.fr\/Boutique\/#\/schema\/logo\/image\/"}}]}},"_links":{"self":[{"href":"https:\/\/colomiersjudo.fr\/Boutique\/wp-json\/wp\/v2\/product\/208","targetHints":{"allow":["GET"]}}],"collection":[{"href":"https:\/\/colomiersjudo.fr\/Boutique\/wp-json\/wp\/v2\/product"}],"about":[{"href":"https:\/\/colomiersjudo.fr\/Boutique\/wp-json\/wp\/v2\/types\/product"}],"replies":[{"embeddable":true,"href":"https:\/\/colomiersjudo.fr\/Boutique\/wp-json\/wp\/v2\/comments?post=208"}],"wp:featuredmedia":[{"embeddable":true,"href":"https:\/\/colomiersjudo.fr\/Boutique\/wp-json\/wp\/v2\/media\/209"}],"wp:attachment":[{"href":"https:\/\/colomiersjudo.fr\/Boutique\/wp-json\/wp\/v2\/media?parent=208"}],"wp:term":[{"taxonomy":"product_brand","embeddable":true,"href":"https:\/\/colomiersjudo.fr\/Boutique\/wp-json\/wp\/v2\/product_brand?post=208"},{"taxonomy":"product_cat","embeddable":true,"href":"https:\/\/colomiersjudo.fr\/Boutique\/wp-json\/wp\/v2\/product_cat?post=208"},{"taxonomy":"product_tag","embeddable":true,"href":"https:\/\/colomiersjudo.fr\/Boutique\/wp-json\/wp\/v2\/product_tag?post=208"}],"curies":[{"name":"wp","href":"https:\/\/api.w.org\/{rel}","templated":true}]}}